{"id":10639,"date":"2020-11-17T15:32:35","date_gmt":"2020-11-17T18:32:35","guid":{"rendered":"http:\/\/viacotone.local\/?post_type=product&#038;p=10639"},"modified":"2021-09-21T09:29:37","modified_gmt":"2021-09-21T12:29:37","slug":"auriculares-gamer-con-microfono-ii","status":"publish","type":"product","link":"https:\/\/easywebmkt.com.ar\/cotone\/productos\/auriculares-gamer-con-microfono-ii\/","title":{"rendered":"Auriculares Gamer con Micr\u00f3fono II"},"content":{"rendered":"","protected":false},"excerpt":{"rendered":"<div>\n<p><strong>Sonido, dise\u00f1o y confort.<\/strong><\/p>\n<p>&nbsp;<\/p>\n<\/div>\n<div>Su sonido te garantizan bajos potentes y agudos profundos.<\/div>\n<div>Adem\u00e1s posee Micr\u00f3fono flexible omnidireccional.<\/div>\n<div>Confortables y ajustables, con acolchados que te brindan total comodidad para disfrutar de juegos, m\u00fasica, chat; etc.<\/div>\n<div>Presenta un novedoso cable incorporado con conectores para Consolas P4 y Gamer PC.<\/div>\n<div><\/div>\n<div>\n<div>&#8211; Auriculares Gamer Ultra Confortables<\/div>\n<div>&#8211; Bajos potentes y agudos profundos<\/div>\n<div>&#8211; Speakers de 40 mm de di\u00e1metro<\/div>\n<div>&#8211; Acolchados con cancelaci\u00f3n de ruidos externos<\/div>\n<div>&#8211; Micr\u00f3fono flexible omnidireccional en auricular izquierdo<\/div>\n<div>&#8211; Control de Volumen de f\u00e1cil manejo en auricular izquierdo<\/div>\n<div>&#8211; Novedoso cable con 2 Conectores miniplug 3.5 mm (TRS y TRRS)<\/div>\n<div>&#8211; Compatible con Consolas P4 y Gamer PC<\/div>\n<div>&#8211; Longitud del Cable: 1,8 metros<\/div>\n<\/div>\n","protected":false},"featured_media":11172,"comment_status":"closed","ping_status":"closed","template":"","meta":[],"product_brand":[],"product_cat":[68,408],"product_tag":[148,354,541,540,542,515,528,538,539],"class_list":{"0":"post-10639","1":"product","2":"type-product","3":"status-publish","4":"has-post-thumbnail","6":"product_cat-tecnologia","7":"product_cat-auriculares","8":"product_tag-audio","9":"product_tag-auriculares","10":"product_tag-game","11":"product_tag-gamer","12":"product_tag-juego-online","13":"product_tag-microfono","14":"product_tag-musica","15":"product_tag-pc","16":"product_tag-video-juegos","18":"first","19":"instock","20":"shipping-taxable","21":"purchasable","22":"product-type-simple"},"yoast_head":"<!-- This site is optimized with the Yoast SEO plugin v23.4 - https:\/\/yoast.com\/wordpress\/plugins\/seo\/ -->\n<title>Auriculares Gamer con Micr\u00f3fono II - Viacotone Argentina<\/title>\n<meta name=\"robots\" content=\"index, follow, max-snippet:-1, max-image-preview:large, max-video-preview:-1\" \/>\n<link rel=\"canonical\" href=\"https:\/\/easywebmkt.com.ar\/cotone\/productos\/auriculares-gamer-con-microfono-ii\/\" \/>\n<meta property=\"og:locale\" content=\"es_ES\" \/>\n<meta property=\"og:type\" content=\"article\" \/>\n<meta property=\"og:title\" content=\"Auriculares Gamer con Micr\u00f3fono II - Viacotone Argentina\" \/>\n<meta property=\"og:description\" content=\"Sonido, dise\u00f1o y confort.  &nbsp;   Su sonido te garantizan bajos potentes y agudos profundos. Adem\u00e1s posee Micr\u00f3fono flexible omnidireccional. Confortables y ajustables, con acolchados que te brindan total comodidad para disfrutar de juegos, m\u00fasica, chat; etc. Presenta un novedoso cable incorporado con conectores para Consolas P4 y Gamer PC.   - Auriculares Gamer Ultra Confortables - Bajos potentes y agudos profundos - Speakers de 40 mm de di\u00e1metro - Acolchados con cancelaci\u00f3n de ruidos externos - Micr\u00f3fono flexible omnidireccional en auricular izquierdo - Control de Volumen de f\u00e1cil manejo en auricular izquierdo - Novedoso cable con 2 Conectores miniplug 3.5 mm (TRS y TRRS) - Compatible con Consolas P4 y Gamer PC - Longitud del Cable: 1,8 metros\" \/>\n<meta property=\"og:url\" content=\"https:\/\/easywebmkt.com.ar\/cotone\/productos\/auriculares-gamer-con-microfono-ii\/\" \/>\n<meta property=\"og:site_name\" content=\"Viacotone Argentina\" \/>\n<meta property=\"article:modified_time\" content=\"2021-09-21T12:29:37+00:00\" \/>\n<meta property=\"og:image\" content=\"https:\/\/easywebmkt.com.ar\/cotone\/wp-content\/uploads\/2020\/11\/600_750-ST-1688-LATERAL.jpg\" \/>\n\t<meta property=\"og:image:width\" content=\"750\" \/>\n\t<meta property=\"og:image:height\" content=\"750\" \/>\n\t<meta property=\"og:image:type\" content=\"image\/jpeg\" \/>\n<meta name=\"twitter:card\" content=\"summary_large_image\" \/>\n<script type=\"application\/ld+json\" class=\"yoast-schema-graph\">{\"@context\":\"https:\/\/schema.org\",\"@graph\":[{\"@type\":\"WebPage\",\"@id\":\"https:\/\/easywebmkt.com.ar\/cotone\/productos\/auriculares-gamer-con-microfono-ii\/\",\"url\":\"https:\/\/easywebmkt.com.ar\/cotone\/productos\/auriculares-gamer-con-microfono-ii\/\",\"name\":\"Auriculares Gamer con Micr\u00f3fono II - Viacotone Argentina\",\"isPartOf\":{\"@id\":\"https:\/\/easywebmkt.com.ar\/cotone\/#website\"},\"primaryImageOfPage\":{\"@id\":\"https:\/\/easywebmkt.com.ar\/cotone\/productos\/auriculares-gamer-con-microfono-ii\/#primaryimage\"},\"image\":{\"@id\":\"https:\/\/easywebmkt.com.ar\/cotone\/productos\/auriculares-gamer-con-microfono-ii\/#primaryimage\"},\"thumbnailUrl\":\"https:\/\/easywebmkt.com.ar\/cotone\/wp-content\/uploads\/2020\/11\/600_750-ST-1688-LATERAL.jpg\",\"datePublished\":\"2020-11-17T18:32:35+00:00\",\"dateModified\":\"2021-09-21T12:29:37+00:00\",\"breadcrumb\":{\"@id\":\"https:\/\/easywebmkt.com.ar\/cotone\/productos\/auriculares-gamer-con-microfono-ii\/#breadcrumb\"},\"inLanguage\":\"es-AR\",\"potentialAction\":[{\"@type\":\"ReadAction\",\"target\":[\"https:\/\/easywebmkt.com.ar\/cotone\/productos\/auriculares-gamer-con-microfono-ii\/\"]}]},{\"@type\":\"ImageObject\",\"inLanguage\":\"es-AR\",\"@id\":\"https:\/\/easywebmkt.com.ar\/cotone\/productos\/auriculares-gamer-con-microfono-ii\/#primaryimage\",\"url\":\"https:\/\/easywebmkt.com.ar\/cotone\/wp-content\/uploads\/2020\/11\/600_750-ST-1688-LATERAL.jpg\",\"contentUrl\":\"https:\/\/easywebmkt.com.ar\/cotone\/wp-content\/uploads\/2020\/11\/600_750-ST-1688-LATERAL.jpg\",\"width\":750,\"height\":750},{\"@type\":\"BreadcrumbList\",\"@id\":\"https:\/\/easywebmkt.com.ar\/cotone\/productos\/auriculares-gamer-con-microfono-ii\/#breadcrumb\",\"itemListElement\":[{\"@type\":\"ListItem\",\"position\":1,\"name\":\"Inicio\",\"item\":\"https:\/\/easywebmkt.com.ar\/cotone\/\"},{\"@type\":\"ListItem\",\"position\":2,\"name\":\"Productos\",\"item\":\"https:\/\/easywebmkt.com.ar\/cotone\/productos\/\"},{\"@type\":\"ListItem\",\"position\":3,\"name\":\"Auriculares Gamer con Micr\u00f3fono II\"}]},{\"@type\":\"WebSite\",\"@id\":\"https:\/\/easywebmkt.com.ar\/cotone\/#website\",\"url\":\"https:\/\/easywebmkt.com.ar\/cotone\/\",\"name\":\"Viacotone Argentina\",\"description\":\"Merchandising Partners\",\"potentialAction\":[{\"@type\":\"SearchAction\",\"target\":{\"@type\":\"EntryPoint\",\"urlTemplate\":\"https:\/\/easywebmkt.com.ar\/cotone\/?s={search_term_string}\"},\"query-input\":{\"@type\":\"PropertyValueSpecification\",\"valueRequired\":true,\"valueName\":\"search_term_string\"}}],\"inLanguage\":\"es-AR\"}]}<\/script>\n<!-- \/ Yoast SEO plugin. -->","yoast_head_json":{"title":"Auriculares Gamer con Micr\u00f3fono II - Viacotone Argentina","robots":{"index":"index","follow":"follow","max-snippet":"max-snippet:-1","max-image-preview":"max-image-preview:large","max-video-preview":"max-video-preview:-1"},"canonical":"https:\/\/easywebmkt.com.ar\/cotone\/productos\/auriculares-gamer-con-microfono-ii\/","og_locale":"es_ES","og_type":"article","og_title":"Auriculares Gamer con Micr\u00f3fono II - Viacotone Argentina","og_description":"Sonido, dise\u00f1o y confort.  &nbsp;   Su sonido te garantizan bajos potentes y agudos profundos. Adem\u00e1s posee Micr\u00f3fono flexible omnidireccional. Confortables y ajustables, con acolchados que te brindan total comodidad para disfrutar de juegos, m\u00fasica, chat; etc. Presenta un novedoso cable incorporado con conectores para Consolas P4 y Gamer PC.   - Auriculares Gamer Ultra Confortables - Bajos potentes y agudos profundos - Speakers de 40 mm de di\u00e1metro - Acolchados con cancelaci\u00f3n de ruidos externos - Micr\u00f3fono flexible omnidireccional en auricular izquierdo - Control de Volumen de f\u00e1cil manejo en auricular izquierdo - Novedoso cable con 2 Conectores miniplug 3.5 mm (TRS y TRRS) - Compatible con Consolas P4 y Gamer PC - Longitud del Cable: 1,8 metros","og_url":"https:\/\/easywebmkt.com.ar\/cotone\/productos\/auriculares-gamer-con-microfono-ii\/","og_site_name":"Viacotone Argentina","article_modified_time":"2021-09-21T12:29:37+00:00","og_image":[{"width":750,"height":750,"url":"https:\/\/easywebmkt.com.ar\/cotone\/wp-content\/uploads\/2020\/11\/600_750-ST-1688-LATERAL.jpg","type":"image\/jpeg"}],"twitter_card":"summary_large_image","schema":{"@context":"https:\/\/schema.org","@graph":[{"@type":"WebPage","@id":"https:\/\/easywebmkt.com.ar\/cotone\/productos\/auriculares-gamer-con-microfono-ii\/","url":"https:\/\/easywebmkt.com.ar\/cotone\/productos\/auriculares-gamer-con-microfono-ii\/","name":"Auriculares Gamer con Micr\u00f3fono II - Viacotone Argentina","isPartOf":{"@id":"https:\/\/easywebmkt.com.ar\/cotone\/#website"},"primaryImageOfPage":{"@id":"https:\/\/easywebmkt.com.ar\/cotone\/productos\/auriculares-gamer-con-microfono-ii\/#primaryimage"},"image":{"@id":"https:\/\/easywebmkt.com.ar\/cotone\/productos\/auriculares-gamer-con-microfono-ii\/#primaryimage"},"thumbnailUrl":"https:\/\/easywebmkt.com.ar\/cotone\/wp-content\/uploads\/2020\/11\/600_750-ST-1688-LATERAL.jpg","datePublished":"2020-11-17T18:32:35+00:00","dateModified":"2021-09-21T12:29:37+00:00","breadcrumb":{"@id":"https:\/\/easywebmkt.com.ar\/cotone\/productos\/auriculares-gamer-con-microfono-ii\/#breadcrumb"},"inLanguage":"es-AR","potentialAction":[{"@type":"ReadAction","target":["https:\/\/easywebmkt.com.ar\/cotone\/productos\/auriculares-gamer-con-microfono-ii\/"]}]},{"@type":"ImageObject","inLanguage":"es-AR","@id":"https:\/\/easywebmkt.com.ar\/cotone\/productos\/auriculares-gamer-con-microfono-ii\/#primaryimage","url":"https:\/\/easywebmkt.com.ar\/cotone\/wp-content\/uploads\/2020\/11\/600_750-ST-1688-LATERAL.jpg","contentUrl":"https:\/\/easywebmkt.com.ar\/cotone\/wp-content\/uploads\/2020\/11\/600_750-ST-1688-LATERAL.jpg","width":750,"height":750},{"@type":"BreadcrumbList","@id":"https:\/\/easywebmkt.com.ar\/cotone\/productos\/auriculares-gamer-con-microfono-ii\/#breadcrumb","itemListElement":[{"@type":"ListItem","position":1,"name":"Inicio","item":"https:\/\/easywebmkt.com.ar\/cotone\/"},{"@type":"ListItem","position":2,"name":"Productos","item":"https:\/\/easywebmkt.com.ar\/cotone\/productos\/"},{"@type":"ListItem","position":3,"name":"Auriculares Gamer con Micr\u00f3fono II"}]},{"@type":"WebSite","@id":"https:\/\/easywebmkt.com.ar\/cotone\/#website","url":"https:\/\/easywebmkt.com.ar\/cotone\/","name":"Viacotone Argentina","description":"Merchandising Partners","potentialAction":[{"@type":"SearchAction","target":{"@type":"EntryPoint","urlTemplate":"https:\/\/easywebmkt.com.ar\/cotone\/?s={search_term_string}"},"query-input":{"@type":"PropertyValueSpecification","valueRequired":true,"valueName":"search_term_string"}}],"inLanguage":"es-AR"}]}},"_links":{"self":[{"href":"https:\/\/easywebmkt.com.ar\/cotone\/wp-json\/wp\/v2\/product\/10639","targetHints":{"allow":["GET"]}}],"collection":[{"href":"https:\/\/easywebmkt.com.ar\/cotone\/wp-json\/wp\/v2\/product"}],"about":[{"href":"https:\/\/easywebmkt.com.ar\/cotone\/wp-json\/wp\/v2\/types\/product"}],"replies":[{"embeddable":true,"href":"https:\/\/easywebmkt.com.ar\/cotone\/wp-json\/wp\/v2\/comments?post=10639"}],"wp:featuredmedia":[{"embeddable":true,"href":"https:\/\/easywebmkt.com.ar\/cotone\/wp-json\/wp\/v2\/media\/11172"}],"wp:attachment":[{"href":"https:\/\/easywebmkt.com.ar\/cotone\/wp-json\/wp\/v2\/media?parent=10639"}],"wp:term":[{"taxonomy":"product_brand","embeddable":true,"href":"https:\/\/easywebmkt.com.ar\/cotone\/wp-json\/wp\/v2\/product_brand?post=10639"},{"taxonomy":"product_cat","embeddable":true,"href":"https:\/\/easywebmkt.com.ar\/cotone\/wp-json\/wp\/v2\/product_cat?post=10639"},{"taxonomy":"product_tag","embeddable":true,"href":"https:\/\/easywebmkt.com.ar\/cotone\/wp-json\/wp\/v2\/product_tag?post=10639"}],"curies":[{"name":"wp","href":"https:\/\/api.w.org\/{rel}","templated":true}]}}