{"id":10661,"date":"2020-11-17T16:01:16","date_gmt":"2020-11-17T19:01:16","guid":{"rendered":"http:\/\/viacotone.local\/?post_type=product&#038;p=10661"},"modified":"2021-09-21T09:28:49","modified_gmt":"2021-09-21T12:28:49","slug":"auriculares-sport","status":"publish","type":"product","link":"https:\/\/easywebmkt.com.ar\/cotone\/productos\/auriculares-sport\/","title":{"rendered":"Auriculares Sport"},"content":{"rendered":"","protected":false},"excerpt":{"rendered":"<div>\n<p><strong>Son perfectos para disfrutar de tu m\u00fasica y tus llamadas.<\/strong><\/p>\n<\/div>\n<div>Ideales para utilizarlos mientras corres, dado que su dise\u00f1o te permite utilizarlos a la medida de tu comodidad.<\/div>\n<div>\n<p>Sincronizalos con tu Smartphone u otros dispositivos.<\/p>\n<div>&#8211; Di\u00e1metro de Auricular: 10 mm<\/div>\n<div>&#8211; Soporte de cuello con memoria el\u00e1stica<\/div>\n<div>&#8211; Imanes en vincha para sujeci\u00f3n de aud\u00edfonos<\/div>\n<div>&#8211; Recepci\u00f3n Bluetooth hasta 10 metros<\/div>\n<div>&#8211; Sistema de Manos Libres con Micr\u00f3fono incorporado para recepci\u00f3n de llamadas<\/div>\n<div>&#8211; Vincula m\u00e1s de 1 dispositivo Bluetooth<\/div>\n<div>&#8211; Controles de ON\/OFF, Volumen, Contestaci\u00f3n de llamadas y Puerto de Carga en lateral izquierdo<\/div>\n<div>&#8211; Controles de Play\/Pause y Avance\/Retroceso en lateral derecho<\/div>\n<div>&#8211; Tiempo de reproducci\u00f3n de audio: cerca de 6 horas<\/div>\n<div>&#8211; Tiempo de habla: hasta 5 horas<\/div>\n<div>&#8211; Funciona con Bater\u00eda de Litio recargable<\/div>\n<div>&#8211; Tiempo de carga: 3 horas<\/div>\n<div>&#8211; Incluye Cable USB para recarga de Bater\u00eda y almohadillas de repuesto de diferentes tama\u00f1os<\/div>\n<\/div>\n","protected":false},"featured_media":11143,"comment_status":"closed","ping_status":"closed","template":"","meta":[],"product_brand":[],"product_cat":[68,408],"product_tag":[148,354,149,331,515,528,544,325],"class_list":{"0":"post-10661","1":"product","2":"type-product","3":"status-publish","4":"has-post-thumbnail","6":"product_cat-tecnologia","7":"product_cat-auriculares","8":"product_tag-audio","9":"product_tag-auriculares","10":"product_tag-bluetooth","11":"product_tag-deporte","12":"product_tag-microfono","13":"product_tag-musica","14":"product_tag-run","15":"product_tag-sport","17":"first","18":"instock","19":"shipping-taxable","20":"purchasable","21":"product-type-simple"},"yoast_head":"<!-- This site is optimized with the Yoast SEO plugin v23.4 - https:\/\/yoast.com\/wordpress\/plugins\/seo\/ -->\n<title>Auriculares Sport - Viacotone Argentina<\/title>\n<meta name=\"robots\" content=\"index, follow, max-snippet:-1, max-image-preview:large, max-video-preview:-1\" \/>\n<link rel=\"canonical\" href=\"https:\/\/easywebmkt.com.ar\/cotone\/productos\/auriculares-sport\/\" \/>\n<meta property=\"og:locale\" content=\"es_ES\" \/>\n<meta property=\"og:type\" content=\"article\" \/>\n<meta property=\"og:title\" content=\"Auriculares Sport - Viacotone Argentina\" \/>\n<meta property=\"og:description\" content=\"Son perfectos para disfrutar de tu m\u00fasica y tus llamadas.   Ideales para utilizarlos mientras corres, dado que su dise\u00f1o te permite utilizarlos a la medida de tu comodidad.   Sincronizalos con tu Smartphone u otros dispositivos. - Di\u00e1metro de Auricular: 10 mm - Soporte de cuello con memoria el\u00e1stica - Imanes en vincha para sujeci\u00f3n de aud\u00edfonos - Recepci\u00f3n Bluetooth hasta 10 metros - Sistema de Manos Libres con Micr\u00f3fono incorporado para recepci\u00f3n de llamadas - Vincula m\u00e1s de 1 dispositivo Bluetooth - Controles de ON\/OFF, Volumen, Contestaci\u00f3n de llamadas y Puerto de Carga en lateral izquierdo - Controles de Play\/Pause y Avance\/Retroceso en lateral derecho - Tiempo de reproducci\u00f3n de audio: cerca de 6 horas - Tiempo de habla: hasta 5 horas - Funciona con Bater\u00eda de Litio recargable - Tiempo de carga: 3 horas - Incluye Cable USB para recarga de Bater\u00eda y almohadillas de repuesto de diferentes tama\u00f1os\" \/>\n<meta property=\"og:url\" content=\"https:\/\/easywebmkt.com.ar\/cotone\/productos\/auriculares-sport\/\" \/>\n<meta property=\"og:site_name\" content=\"Viacotone Argentina\" \/>\n<meta property=\"article:modified_time\" content=\"2021-09-21T12:28:49+00:00\" \/>\n<meta property=\"og:image\" content=\"https:\/\/easywebmkt.com.ar\/cotone\/wp-content\/uploads\/2020\/11\/600_750-NG-BT05_2.jpg\" \/>\n\t<meta property=\"og:image:width\" content=\"750\" \/>\n\t<meta property=\"og:image:height\" content=\"750\" \/>\n\t<meta property=\"og:image:type\" content=\"image\/jpeg\" \/>\n<meta name=\"twitter:card\" content=\"summary_large_image\" \/>\n<script type=\"application\/ld+json\" class=\"yoast-schema-graph\">{\"@context\":\"https:\/\/schema.org\",\"@graph\":[{\"@type\":\"WebPage\",\"@id\":\"https:\/\/easywebmkt.com.ar\/cotone\/productos\/auriculares-sport\/\",\"url\":\"https:\/\/easywebmkt.com.ar\/cotone\/productos\/auriculares-sport\/\",\"name\":\"Auriculares Sport - Viacotone Argentina\",\"isPartOf\":{\"@id\":\"https:\/\/easywebmkt.com.ar\/cotone\/#website\"},\"primaryImageOfPage\":{\"@id\":\"https:\/\/easywebmkt.com.ar\/cotone\/productos\/auriculares-sport\/#primaryimage\"},\"image\":{\"@id\":\"https:\/\/easywebmkt.com.ar\/cotone\/productos\/auriculares-sport\/#primaryimage\"},\"thumbnailUrl\":\"https:\/\/easywebmkt.com.ar\/cotone\/wp-content\/uploads\/2020\/11\/600_750-NG-BT05_2.jpg\",\"datePublished\":\"2020-11-17T19:01:16+00:00\",\"dateModified\":\"2021-09-21T12:28:49+00:00\",\"breadcrumb\":{\"@id\":\"https:\/\/easywebmkt.com.ar\/cotone\/productos\/auriculares-sport\/#breadcrumb\"},\"inLanguage\":\"es-AR\",\"potentialAction\":[{\"@type\":\"ReadAction\",\"target\":[\"https:\/\/easywebmkt.com.ar\/cotone\/productos\/auriculares-sport\/\"]}]},{\"@type\":\"ImageObject\",\"inLanguage\":\"es-AR\",\"@id\":\"https:\/\/easywebmkt.com.ar\/cotone\/productos\/auriculares-sport\/#primaryimage\",\"url\":\"https:\/\/easywebmkt.com.ar\/cotone\/wp-content\/uploads\/2020\/11\/600_750-NG-BT05_2.jpg\",\"contentUrl\":\"https:\/\/easywebmkt.com.ar\/cotone\/wp-content\/uploads\/2020\/11\/600_750-NG-BT05_2.jpg\",\"width\":750,\"height\":750},{\"@type\":\"BreadcrumbList\",\"@id\":\"https:\/\/easywebmkt.com.ar\/cotone\/productos\/auriculares-sport\/#breadcrumb\",\"itemListElement\":[{\"@type\":\"ListItem\",\"position\":1,\"name\":\"Inicio\",\"item\":\"https:\/\/easywebmkt.com.ar\/cotone\/\"},{\"@type\":\"ListItem\",\"position\":2,\"name\":\"Productos\",\"item\":\"https:\/\/easywebmkt.com.ar\/cotone\/productos\/\"},{\"@type\":\"ListItem\",\"position\":3,\"name\":\"Auriculares Sport\"}]},{\"@type\":\"WebSite\",\"@id\":\"https:\/\/easywebmkt.com.ar\/cotone\/#website\",\"url\":\"https:\/\/easywebmkt.com.ar\/cotone\/\",\"name\":\"Viacotone Argentina\",\"description\":\"Merchandising Partners\",\"potentialAction\":[{\"@type\":\"SearchAction\",\"target\":{\"@type\":\"EntryPoint\",\"urlTemplate\":\"https:\/\/easywebmkt.com.ar\/cotone\/?s={search_term_string}\"},\"query-input\":{\"@type\":\"PropertyValueSpecification\",\"valueRequired\":true,\"valueName\":\"search_term_string\"}}],\"inLanguage\":\"es-AR\"}]}<\/script>\n<!-- \/ Yoast SEO plugin. -->","yoast_head_json":{"title":"Auriculares Sport - Viacotone Argentina","robots":{"index":"index","follow":"follow","max-snippet":"max-snippet:-1","max-image-preview":"max-image-preview:large","max-video-preview":"max-video-preview:-1"},"canonical":"https:\/\/easywebmkt.com.ar\/cotone\/productos\/auriculares-sport\/","og_locale":"es_ES","og_type":"article","og_title":"Auriculares Sport - Viacotone Argentina","og_description":"Son perfectos para disfrutar de tu m\u00fasica y tus llamadas.   Ideales para utilizarlos mientras corres, dado que su dise\u00f1o te permite utilizarlos a la medida de tu comodidad.   Sincronizalos con tu Smartphone u otros dispositivos. - Di\u00e1metro de Auricular: 10 mm - Soporte de cuello con memoria el\u00e1stica - Imanes en vincha para sujeci\u00f3n de aud\u00edfonos - Recepci\u00f3n Bluetooth hasta 10 metros - Sistema de Manos Libres con Micr\u00f3fono incorporado para recepci\u00f3n de llamadas - Vincula m\u00e1s de 1 dispositivo Bluetooth - Controles de ON\/OFF, Volumen, Contestaci\u00f3n de llamadas y Puerto de Carga en lateral izquierdo - Controles de Play\/Pause y Avance\/Retroceso en lateral derecho - Tiempo de reproducci\u00f3n de audio: cerca de 6 horas - Tiempo de habla: hasta 5 horas - Funciona con Bater\u00eda de Litio recargable - Tiempo de carga: 3 horas - Incluye Cable USB para recarga de Bater\u00eda y almohadillas de repuesto de diferentes tama\u00f1os","og_url":"https:\/\/easywebmkt.com.ar\/cotone\/productos\/auriculares-sport\/","og_site_name":"Viacotone Argentina","article_modified_time":"2021-09-21T12:28:49+00:00","og_image":[{"width":750,"height":750,"url":"https:\/\/easywebmkt.com.ar\/cotone\/wp-content\/uploads\/2020\/11\/600_750-NG-BT05_2.jpg","type":"image\/jpeg"}],"twitter_card":"summary_large_image","schema":{"@context":"https:\/\/schema.org","@graph":[{"@type":"WebPage","@id":"https:\/\/easywebmkt.com.ar\/cotone\/productos\/auriculares-sport\/","url":"https:\/\/easywebmkt.com.ar\/cotone\/productos\/auriculares-sport\/","name":"Auriculares Sport - Viacotone Argentina","isPartOf":{"@id":"https:\/\/easywebmkt.com.ar\/cotone\/#website"},"primaryImageOfPage":{"@id":"https:\/\/easywebmkt.com.ar\/cotone\/productos\/auriculares-sport\/#primaryimage"},"image":{"@id":"https:\/\/easywebmkt.com.ar\/cotone\/productos\/auriculares-sport\/#primaryimage"},"thumbnailUrl":"https:\/\/easywebmkt.com.ar\/cotone\/wp-content\/uploads\/2020\/11\/600_750-NG-BT05_2.jpg","datePublished":"2020-11-17T19:01:16+00:00","dateModified":"2021-09-21T12:28:49+00:00","breadcrumb":{"@id":"https:\/\/easywebmkt.com.ar\/cotone\/productos\/auriculares-sport\/#breadcrumb"},"inLanguage":"es-AR","potentialAction":[{"@type":"ReadAction","target":["https:\/\/easywebmkt.com.ar\/cotone\/productos\/auriculares-sport\/"]}]},{"@type":"ImageObject","inLanguage":"es-AR","@id":"https:\/\/easywebmkt.com.ar\/cotone\/productos\/auriculares-sport\/#primaryimage","url":"https:\/\/easywebmkt.com.ar\/cotone\/wp-content\/uploads\/2020\/11\/600_750-NG-BT05_2.jpg","contentUrl":"https:\/\/easywebmkt.com.ar\/cotone\/wp-content\/uploads\/2020\/11\/600_750-NG-BT05_2.jpg","width":750,"height":750},{"@type":"BreadcrumbList","@id":"https:\/\/easywebmkt.com.ar\/cotone\/productos\/auriculares-sport\/#breadcrumb","itemListElement":[{"@type":"ListItem","position":1,"name":"Inicio","item":"https:\/\/easywebmkt.com.ar\/cotone\/"},{"@type":"ListItem","position":2,"name":"Productos","item":"https:\/\/easywebmkt.com.ar\/cotone\/productos\/"},{"@type":"ListItem","position":3,"name":"Auriculares Sport"}]},{"@type":"WebSite","@id":"https:\/\/easywebmkt.com.ar\/cotone\/#website","url":"https:\/\/easywebmkt.com.ar\/cotone\/","name":"Viacotone Argentina","description":"Merchandising Partners","potentialAction":[{"@type":"SearchAction","target":{"@type":"EntryPoint","urlTemplate":"https:\/\/easywebmkt.com.ar\/cotone\/?s={search_term_string}"},"query-input":{"@type":"PropertyValueSpecification","valueRequired":true,"valueName":"search_term_string"}}],"inLanguage":"es-AR"}]}},"_links":{"self":[{"href":"https:\/\/easywebmkt.com.ar\/cotone\/wp-json\/wp\/v2\/product\/10661","targetHints":{"allow":["GET"]}}],"collection":[{"href":"https:\/\/easywebmkt.com.ar\/cotone\/wp-json\/wp\/v2\/product"}],"about":[{"href":"https:\/\/easywebmkt.com.ar\/cotone\/wp-json\/wp\/v2\/types\/product"}],"replies":[{"embeddable":true,"href":"https:\/\/easywebmkt.com.ar\/cotone\/wp-json\/wp\/v2\/comments?post=10661"}],"wp:featuredmedia":[{"embeddable":true,"href":"https:\/\/easywebmkt.com.ar\/cotone\/wp-json\/wp\/v2\/media\/11143"}],"wp:attachment":[{"href":"https:\/\/easywebmkt.com.ar\/cotone\/wp-json\/wp\/v2\/media?parent=10661"}],"wp:term":[{"taxonomy":"product_brand","embeddable":true,"href":"https:\/\/easywebmkt.com.ar\/cotone\/wp-json\/wp\/v2\/product_brand?post=10661"},{"taxonomy":"product_cat","embeddable":true,"href":"https:\/\/easywebmkt.com.ar\/cotone\/wp-json\/wp\/v2\/product_cat?post=10661"},{"taxonomy":"product_tag","embeddable":true,"href":"https:\/\/easywebmkt.com.ar\/cotone\/wp-json\/wp\/v2\/product_tag?post=10661"}],"curies":[{"name":"wp","href":"https:\/\/api.w.org\/{rel}","templated":true}]}}