{"id":14341,"date":"2021-08-26T11:35:15","date_gmt":"2021-08-26T14:35:15","guid":{"rendered":"http:\/\/viacotone.local\/?post_type=product&#038;p=14341"},"modified":"2021-10-09T14:57:49","modified_gmt":"2021-10-09T17:57:49","slug":"xiaomi-mi-true-wireless-earbuds-basic-2","status":"publish","type":"product","link":"https:\/\/easywebmkt.com.ar\/cotone\/productos\/xiaomi-mi-true-wireless-earbuds-basic-2\/","title":{"rendered":"XIAOMI MI TRUE WIRELESS EARBUDS BASIC 2"},"content":{"rendered":"","protected":false},"excerpt":{"rendered":"<p>Auriculares Bluetooth con micr\u00f3fono incorporado<br \/>\nBluetooth 5.0<br \/>\nComando touch para contestar llamadas, cortas, pausar reproducci\u00f3n de m\u00fasica, etc.<br \/>\nSincronizaci\u00f3n autom\u00e1tica con celular y PC al colocarse los auriculares<br \/>\nCapacidad de la bateria: 300 mA<br \/>\nRango inal\u00e1mbrico: 10 mts<br \/>\nTiempo de carga: 2h<br \/>\nTiempo de reproducci\u00f3n 12 hs<br \/>\nEntrada: 5V 100 mA<br \/>\nDimensiones: 26.65 x 16.4 x 21.6 mm (Auricular)<br \/>\nEstuche de Carga: 62 x 40 x 27.2 mm<\/p>\n","protected":false},"featured_media":14343,"comment_status":"closed","ping_status":"closed","template":"","meta":[],"product_brand":[],"product_cat":[68,408,117,412],"product_tag":[354],"class_list":{"0":"post-14341","1":"product","2":"type-product","3":"status-publish","4":"has-post-thumbnail","6":"product_cat-tecnologia","7":"product_cat-auriculares","8":"product_cat-hogar-tiempo-libre","9":"product_cat-bienestar-salud","10":"product_tag-auriculares","12":"first","13":"instock","14":"shipping-taxable","15":"purchasable","16":"product-type-simple"},"yoast_head":"<!-- This site is optimized with the Yoast SEO plugin v23.4 - https:\/\/yoast.com\/wordpress\/plugins\/seo\/ -->\n<title>XIAOMI MI TRUE WIRELESS EARBUDS BASIC 2 - Viacotone Argentina<\/title>\n<meta name=\"robots\" content=\"index, follow, max-snippet:-1, max-image-preview:large, max-video-preview:-1\" \/>\n<link rel=\"canonical\" href=\"https:\/\/easywebmkt.com.ar\/cotone\/productos\/xiaomi-mi-true-wireless-earbuds-basic-2\/\" \/>\n<meta property=\"og:locale\" content=\"es_ES\" \/>\n<meta property=\"og:type\" content=\"article\" \/>\n<meta property=\"og:title\" content=\"XIAOMI MI TRUE WIRELESS EARBUDS BASIC 2 - Viacotone Argentina\" \/>\n<meta property=\"og:description\" content=\"Auriculares Bluetooth con micr\u00f3fono incorporado Bluetooth 5.0 Comando touch para contestar llamadas, cortas, pausar reproducci\u00f3n de m\u00fasica, etc. Sincronizaci\u00f3n autom\u00e1tica con celular y PC al colocarse los auriculares Capacidad de la bateria: 300 mA Rango inal\u00e1mbrico: 10 mts Tiempo de carga: 2h Tiempo de reproducci\u00f3n 12 hs Entrada: 5V 100 mA Dimensiones: 26.65 x 16.4 x 21.6 mm (Auricular) Estuche de Carga: 62 x 40 x 27.2 mm\" \/>\n<meta property=\"og:url\" content=\"https:\/\/easywebmkt.com.ar\/cotone\/productos\/xiaomi-mi-true-wireless-earbuds-basic-2\/\" \/>\n<meta property=\"og:site_name\" content=\"Viacotone Argentina\" \/>\n<meta property=\"article:modified_time\" content=\"2021-10-09T17:57:49+00:00\" \/>\n<meta property=\"og:image\" content=\"https:\/\/easywebmkt.com.ar\/cotone\/wp-content\/uploads\/2021\/08\/DESARROLLOESET-1.jpg\" \/>\n\t<meta property=\"og:image:width\" content=\"800\" \/>\n\t<meta property=\"og:image:height\" content=\"797\" \/>\n\t<meta property=\"og:image:type\" content=\"image\/jpeg\" \/>\n<meta name=\"twitter:card\" content=\"summary_large_image\" \/>\n<script type=\"application\/ld+json\" class=\"yoast-schema-graph\">{\"@context\":\"https:\/\/schema.org\",\"@graph\":[{\"@type\":\"WebPage\",\"@id\":\"https:\/\/easywebmkt.com.ar\/cotone\/productos\/xiaomi-mi-true-wireless-earbuds-basic-2\/\",\"url\":\"https:\/\/easywebmkt.com.ar\/cotone\/productos\/xiaomi-mi-true-wireless-earbuds-basic-2\/\",\"name\":\"XIAOMI MI TRUE WIRELESS EARBUDS BASIC 2 - Viacotone Argentina\",\"isPartOf\":{\"@id\":\"https:\/\/easywebmkt.com.ar\/cotone\/#website\"},\"primaryImageOfPage\":{\"@id\":\"https:\/\/easywebmkt.com.ar\/cotone\/productos\/xiaomi-mi-true-wireless-earbuds-basic-2\/#primaryimage\"},\"image\":{\"@id\":\"https:\/\/easywebmkt.com.ar\/cotone\/productos\/xiaomi-mi-true-wireless-earbuds-basic-2\/#primaryimage\"},\"thumbnailUrl\":\"https:\/\/easywebmkt.com.ar\/cotone\/wp-content\/uploads\/2021\/08\/DESARROLLOESET-1.jpg\",\"datePublished\":\"2021-08-26T14:35:15+00:00\",\"dateModified\":\"2021-10-09T17:57:49+00:00\",\"breadcrumb\":{\"@id\":\"https:\/\/easywebmkt.com.ar\/cotone\/productos\/xiaomi-mi-true-wireless-earbuds-basic-2\/#breadcrumb\"},\"inLanguage\":\"es-AR\",\"potentialAction\":[{\"@type\":\"ReadAction\",\"target\":[\"https:\/\/easywebmkt.com.ar\/cotone\/productos\/xiaomi-mi-true-wireless-earbuds-basic-2\/\"]}]},{\"@type\":\"ImageObject\",\"inLanguage\":\"es-AR\",\"@id\":\"https:\/\/easywebmkt.com.ar\/cotone\/productos\/xiaomi-mi-true-wireless-earbuds-basic-2\/#primaryimage\",\"url\":\"https:\/\/easywebmkt.com.ar\/cotone\/wp-content\/uploads\/2021\/08\/DESARROLLOESET-1.jpg\",\"contentUrl\":\"https:\/\/easywebmkt.com.ar\/cotone\/wp-content\/uploads\/2021\/08\/DESARROLLOESET-1.jpg\",\"width\":800,\"height\":797},{\"@type\":\"BreadcrumbList\",\"@id\":\"https:\/\/easywebmkt.com.ar\/cotone\/productos\/xiaomi-mi-true-wireless-earbuds-basic-2\/#breadcrumb\",\"itemListElement\":[{\"@type\":\"ListItem\",\"position\":1,\"name\":\"Inicio\",\"item\":\"https:\/\/easywebmkt.com.ar\/cotone\/\"},{\"@type\":\"ListItem\",\"position\":2,\"name\":\"Productos\",\"item\":\"https:\/\/easywebmkt.com.ar\/cotone\/productos\/\"},{\"@type\":\"ListItem\",\"position\":3,\"name\":\"XIAOMI MI TRUE WIRELESS EARBUDS BASIC 2\"}]},{\"@type\":\"WebSite\",\"@id\":\"https:\/\/easywebmkt.com.ar\/cotone\/#website\",\"url\":\"https:\/\/easywebmkt.com.ar\/cotone\/\",\"name\":\"Viacotone Argentina\",\"description\":\"Merchandising Partners\",\"potentialAction\":[{\"@type\":\"SearchAction\",\"target\":{\"@type\":\"EntryPoint\",\"urlTemplate\":\"https:\/\/easywebmkt.com.ar\/cotone\/?s={search_term_string}\"},\"query-input\":{\"@type\":\"PropertyValueSpecification\",\"valueRequired\":true,\"valueName\":\"search_term_string\"}}],\"inLanguage\":\"es-AR\"}]}<\/script>\n<!-- \/ Yoast SEO plugin. -->","yoast_head_json":{"title":"XIAOMI MI TRUE WIRELESS EARBUDS BASIC 2 - Viacotone Argentina","robots":{"index":"index","follow":"follow","max-snippet":"max-snippet:-1","max-image-preview":"max-image-preview:large","max-video-preview":"max-video-preview:-1"},"canonical":"https:\/\/easywebmkt.com.ar\/cotone\/productos\/xiaomi-mi-true-wireless-earbuds-basic-2\/","og_locale":"es_ES","og_type":"article","og_title":"XIAOMI MI TRUE WIRELESS EARBUDS BASIC 2 - Viacotone Argentina","og_description":"Auriculares Bluetooth con micr\u00f3fono incorporado Bluetooth 5.0 Comando touch para contestar llamadas, cortas, pausar reproducci\u00f3n de m\u00fasica, etc. Sincronizaci\u00f3n autom\u00e1tica con celular y PC al colocarse los auriculares Capacidad de la bateria: 300 mA Rango inal\u00e1mbrico: 10 mts Tiempo de carga: 2h Tiempo de reproducci\u00f3n 12 hs Entrada: 5V 100 mA Dimensiones: 26.65 x 16.4 x 21.6 mm (Auricular) Estuche de Carga: 62 x 40 x 27.2 mm","og_url":"https:\/\/easywebmkt.com.ar\/cotone\/productos\/xiaomi-mi-true-wireless-earbuds-basic-2\/","og_site_name":"Viacotone Argentina","article_modified_time":"2021-10-09T17:57:49+00:00","og_image":[{"width":800,"height":797,"url":"https:\/\/easywebmkt.com.ar\/cotone\/wp-content\/uploads\/2021\/08\/DESARROLLOESET-1.jpg","type":"image\/jpeg"}],"twitter_card":"summary_large_image","schema":{"@context":"https:\/\/schema.org","@graph":[{"@type":"WebPage","@id":"https:\/\/easywebmkt.com.ar\/cotone\/productos\/xiaomi-mi-true-wireless-earbuds-basic-2\/","url":"https:\/\/easywebmkt.com.ar\/cotone\/productos\/xiaomi-mi-true-wireless-earbuds-basic-2\/","name":"XIAOMI MI TRUE WIRELESS EARBUDS BASIC 2 - Viacotone Argentina","isPartOf":{"@id":"https:\/\/easywebmkt.com.ar\/cotone\/#website"},"primaryImageOfPage":{"@id":"https:\/\/easywebmkt.com.ar\/cotone\/productos\/xiaomi-mi-true-wireless-earbuds-basic-2\/#primaryimage"},"image":{"@id":"https:\/\/easywebmkt.com.ar\/cotone\/productos\/xiaomi-mi-true-wireless-earbuds-basic-2\/#primaryimage"},"thumbnailUrl":"https:\/\/easywebmkt.com.ar\/cotone\/wp-content\/uploads\/2021\/08\/DESARROLLOESET-1.jpg","datePublished":"2021-08-26T14:35:15+00:00","dateModified":"2021-10-09T17:57:49+00:00","breadcrumb":{"@id":"https:\/\/easywebmkt.com.ar\/cotone\/productos\/xiaomi-mi-true-wireless-earbuds-basic-2\/#breadcrumb"},"inLanguage":"es-AR","potentialAction":[{"@type":"ReadAction","target":["https:\/\/easywebmkt.com.ar\/cotone\/productos\/xiaomi-mi-true-wireless-earbuds-basic-2\/"]}]},{"@type":"ImageObject","inLanguage":"es-AR","@id":"https:\/\/easywebmkt.com.ar\/cotone\/productos\/xiaomi-mi-true-wireless-earbuds-basic-2\/#primaryimage","url":"https:\/\/easywebmkt.com.ar\/cotone\/wp-content\/uploads\/2021\/08\/DESARROLLOESET-1.jpg","contentUrl":"https:\/\/easywebmkt.com.ar\/cotone\/wp-content\/uploads\/2021\/08\/DESARROLLOESET-1.jpg","width":800,"height":797},{"@type":"BreadcrumbList","@id":"https:\/\/easywebmkt.com.ar\/cotone\/productos\/xiaomi-mi-true-wireless-earbuds-basic-2\/#breadcrumb","itemListElement":[{"@type":"ListItem","position":1,"name":"Inicio","item":"https:\/\/easywebmkt.com.ar\/cotone\/"},{"@type":"ListItem","position":2,"name":"Productos","item":"https:\/\/easywebmkt.com.ar\/cotone\/productos\/"},{"@type":"ListItem","position":3,"name":"XIAOMI MI TRUE WIRELESS EARBUDS BASIC 2"}]},{"@type":"WebSite","@id":"https:\/\/easywebmkt.com.ar\/cotone\/#website","url":"https:\/\/easywebmkt.com.ar\/cotone\/","name":"Viacotone Argentina","description":"Merchandising Partners","potentialAction":[{"@type":"SearchAction","target":{"@type":"EntryPoint","urlTemplate":"https:\/\/easywebmkt.com.ar\/cotone\/?s={search_term_string}"},"query-input":{"@type":"PropertyValueSpecification","valueRequired":true,"valueName":"search_term_string"}}],"inLanguage":"es-AR"}]}},"_links":{"self":[{"href":"https:\/\/easywebmkt.com.ar\/cotone\/wp-json\/wp\/v2\/product\/14341","targetHints":{"allow":["GET"]}}],"collection":[{"href":"https:\/\/easywebmkt.com.ar\/cotone\/wp-json\/wp\/v2\/product"}],"about":[{"href":"https:\/\/easywebmkt.com.ar\/cotone\/wp-json\/wp\/v2\/types\/product"}],"replies":[{"embeddable":true,"href":"https:\/\/easywebmkt.com.ar\/cotone\/wp-json\/wp\/v2\/comments?post=14341"}],"wp:featuredmedia":[{"embeddable":true,"href":"https:\/\/easywebmkt.com.ar\/cotone\/wp-json\/wp\/v2\/media\/14343"}],"wp:attachment":[{"href":"https:\/\/easywebmkt.com.ar\/cotone\/wp-json\/wp\/v2\/media?parent=14341"}],"wp:term":[{"taxonomy":"product_brand","embeddable":true,"href":"https:\/\/easywebmkt.com.ar\/cotone\/wp-json\/wp\/v2\/product_brand?post=14341"},{"taxonomy":"product_cat","embeddable":true,"href":"https:\/\/easywebmkt.com.ar\/cotone\/wp-json\/wp\/v2\/product_cat?post=14341"},{"taxonomy":"product_tag","embeddable":true,"href":"https:\/\/easywebmkt.com.ar\/cotone\/wp-json\/wp\/v2\/product_tag?post=14341"}],"curies":[{"name":"wp","href":"https:\/\/api.w.org\/{rel}","templated":true}]}}