{"id":30685,"date":"2025-07-14T15:23:35","date_gmt":"2025-07-14T18:23:35","guid":{"rendered":"https:\/\/easywebmkt.com.ar\/cotone\/?post_type=product&#038;p=30685"},"modified":"2026-01-22T16:40:45","modified_gmt":"2026-01-22T19:40:45","slug":"rinonera-smartwatch","status":"publish","type":"product","link":"https:\/\/easywebmkt.com.ar\/cotone\/productos\/rinonera-smartwatch\/","title":{"rendered":"Ri\u00f1onera + smartwatch"},"content":{"rendered":"","protected":false},"excerpt":{"rendered":"<p data-start=\"123\" data-end=\"309\"><strong data-start=\"123\" data-end=\"144\">Descripcion general de los productos:<br \/>\n&#8211; Ri\u00f1onera Z\u00f6m (5L)<\/strong><br data-start=\"144\" data-end=\"147\" \/>Dise\u00f1o urbano y funcional. Incluye compartimiento para botella y dorso con tejido aireado para mayor ventilaci\u00f3n. C\u00f3moda, resistente y pr\u00e1ctica para el d\u00eda a d\u00eda.<br \/>\n<strong data-start=\"311\" data-end=\"331\">&#8211; Smartwatch Touch<\/strong><br data-start=\"331\" data-end=\"334\" \/>Pantalla t\u00e1ctil 1.28\u201d | Monitoreo de ritmo card\u00edaco y presi\u00f3n arterial | Pod\u00f3metro | Control de m\u00fasica y c\u00e1mara | Notificaciones de llamadas y apps | Sumergible IP67 | Compatible con Android y iOS.<\/p>\n<p data-start=\"227\" data-end=\"459\">\n","protected":false},"featured_media":30688,"comment_status":"closed","ping_status":"closed","template":"","meta":[],"product_brand":[],"product_cat":[913,114,684,785,117,119,412],"product_tag":[],"class_list":{"0":"post-30685","1":"product","2":"type-product","3":"status-publish","4":"has-post-thumbnail","6":"product_cat-expo-agro","7":"product_cat-fechas-especiales","8":"product_cat-dia-del-padre-fechas-especiales","9":"product_cat-dia-del-trabajador","10":"product_cat-hogar-tiempo-libre","11":"product_cat-outdoor","12":"product_cat-bienestar-salud","14":"first","15":"instock","16":"shipping-taxable","17":"purchasable","18":"product-type-simple"},"yoast_head":"<!-- This site is optimized with the Yoast SEO plugin v23.4 - https:\/\/yoast.com\/wordpress\/plugins\/seo\/ -->\n<title>Ri\u00f1onera + smartwatch - Viacotone Argentina<\/title>\n<meta name=\"robots\" content=\"index, follow, max-snippet:-1, max-image-preview:large, max-video-preview:-1\" \/>\n<link rel=\"canonical\" href=\"https:\/\/easywebmkt.com.ar\/cotone\/productos\/rinonera-smartwatch\/\" \/>\n<meta property=\"og:locale\" content=\"es_ES\" \/>\n<meta property=\"og:type\" content=\"article\" \/>\n<meta property=\"og:title\" content=\"Ri\u00f1onera + smartwatch - Viacotone Argentina\" \/>\n<meta property=\"og:description\" content=\"Descripcion general de los productos: - Ri\u00f1onera Z\u00f6m (5L)Dise\u00f1o urbano y funcional. Incluye compartimiento para botella y dorso con tejido aireado para mayor ventilaci\u00f3n. C\u00f3moda, resistente y pr\u00e1ctica para el d\u00eda a d\u00eda. - Smartwatch TouchPantalla t\u00e1ctil 1.28\u201d | Monitoreo de ritmo card\u00edaco y presi\u00f3n arterial | Pod\u00f3metro | Control de m\u00fasica y c\u00e1mara | Notificaciones de llamadas y apps | Sumergible IP67 | Compatible con Android y iOS.\" \/>\n<meta property=\"og:url\" content=\"https:\/\/easywebmkt.com.ar\/cotone\/productos\/rinonera-smartwatch\/\" \/>\n<meta property=\"og:site_name\" content=\"Viacotone Argentina\" \/>\n<meta property=\"article:modified_time\" content=\"2026-01-22T19:40:45+00:00\" \/>\n<meta property=\"og:image\" content=\"https:\/\/easywebmkt.com.ar\/cotone\/wp-content\/uploads\/2025\/07\/Rinonera-smartwatch.jpg\" \/>\n\t<meta property=\"og:image:width\" content=\"800\" \/>\n\t<meta property=\"og:image:height\" content=\"800\" \/>\n\t<meta property=\"og:image:type\" content=\"image\/jpeg\" \/>\n<meta name=\"twitter:card\" content=\"summary_large_image\" \/>\n<meta name=\"twitter:label1\" content=\"Tiempo de lectura\" \/>\n\t<meta name=\"twitter:data1\" content=\"1 minuto\" \/>\n<script type=\"application\/ld+json\" class=\"yoast-schema-graph\">{\"@context\":\"https:\/\/schema.org\",\"@graph\":[{\"@type\":\"WebPage\",\"@id\":\"https:\/\/easywebmkt.com.ar\/cotone\/productos\/rinonera-smartwatch\/\",\"url\":\"https:\/\/easywebmkt.com.ar\/cotone\/productos\/rinonera-smartwatch\/\",\"name\":\"Ri\u00f1onera + smartwatch - Viacotone Argentina\",\"isPartOf\":{\"@id\":\"https:\/\/easywebmkt.com.ar\/cotone\/#website\"},\"primaryImageOfPage\":{\"@id\":\"https:\/\/easywebmkt.com.ar\/cotone\/productos\/rinonera-smartwatch\/#primaryimage\"},\"image\":{\"@id\":\"https:\/\/easywebmkt.com.ar\/cotone\/productos\/rinonera-smartwatch\/#primaryimage\"},\"thumbnailUrl\":\"https:\/\/easywebmkt.com.ar\/cotone\/wp-content\/uploads\/2025\/07\/Rinonera-smartwatch.jpg\",\"datePublished\":\"2025-07-14T18:23:35+00:00\",\"dateModified\":\"2026-01-22T19:40:45+00:00\",\"breadcrumb\":{\"@id\":\"https:\/\/easywebmkt.com.ar\/cotone\/productos\/rinonera-smartwatch\/#breadcrumb\"},\"inLanguage\":\"es-AR\",\"potentialAction\":[{\"@type\":\"ReadAction\",\"target\":[\"https:\/\/easywebmkt.com.ar\/cotone\/productos\/rinonera-smartwatch\/\"]}]},{\"@type\":\"ImageObject\",\"inLanguage\":\"es-AR\",\"@id\":\"https:\/\/easywebmkt.com.ar\/cotone\/productos\/rinonera-smartwatch\/#primaryimage\",\"url\":\"https:\/\/easywebmkt.com.ar\/cotone\/wp-content\/uploads\/2025\/07\/Rinonera-smartwatch.jpg\",\"contentUrl\":\"https:\/\/easywebmkt.com.ar\/cotone\/wp-content\/uploads\/2025\/07\/Rinonera-smartwatch.jpg\",\"width\":800,\"height\":800},{\"@type\":\"BreadcrumbList\",\"@id\":\"https:\/\/easywebmkt.com.ar\/cotone\/productos\/rinonera-smartwatch\/#breadcrumb\",\"itemListElement\":[{\"@type\":\"ListItem\",\"position\":1,\"name\":\"Inicio\",\"item\":\"https:\/\/easywebmkt.com.ar\/cotone\/\"},{\"@type\":\"ListItem\",\"position\":2,\"name\":\"Productos\",\"item\":\"https:\/\/easywebmkt.com.ar\/cotone\/productos\/\"},{\"@type\":\"ListItem\",\"position\":3,\"name\":\"Ri\u00f1onera + smartwatch\"}]},{\"@type\":\"WebSite\",\"@id\":\"https:\/\/easywebmkt.com.ar\/cotone\/#website\",\"url\":\"https:\/\/easywebmkt.com.ar\/cotone\/\",\"name\":\"Viacotone Argentina\",\"description\":\"Merchandising Partners\",\"potentialAction\":[{\"@type\":\"SearchAction\",\"target\":{\"@type\":\"EntryPoint\",\"urlTemplate\":\"https:\/\/easywebmkt.com.ar\/cotone\/?s={search_term_string}\"},\"query-input\":{\"@type\":\"PropertyValueSpecification\",\"valueRequired\":true,\"valueName\":\"search_term_string\"}}],\"inLanguage\":\"es-AR\"}]}<\/script>\n<!-- \/ Yoast SEO plugin. -->","yoast_head_json":{"title":"Ri\u00f1onera + smartwatch - Viacotone Argentina","robots":{"index":"index","follow":"follow","max-snippet":"max-snippet:-1","max-image-preview":"max-image-preview:large","max-video-preview":"max-video-preview:-1"},"canonical":"https:\/\/easywebmkt.com.ar\/cotone\/productos\/rinonera-smartwatch\/","og_locale":"es_ES","og_type":"article","og_title":"Ri\u00f1onera + smartwatch - Viacotone Argentina","og_description":"Descripcion general de los productos: - Ri\u00f1onera Z\u00f6m (5L)Dise\u00f1o urbano y funcional. Incluye compartimiento para botella y dorso con tejido aireado para mayor ventilaci\u00f3n. C\u00f3moda, resistente y pr\u00e1ctica para el d\u00eda a d\u00eda. - Smartwatch TouchPantalla t\u00e1ctil 1.28\u201d | Monitoreo de ritmo card\u00edaco y presi\u00f3n arterial | Pod\u00f3metro | Control de m\u00fasica y c\u00e1mara | Notificaciones de llamadas y apps | Sumergible IP67 | Compatible con Android y iOS.","og_url":"https:\/\/easywebmkt.com.ar\/cotone\/productos\/rinonera-smartwatch\/","og_site_name":"Viacotone Argentina","article_modified_time":"2026-01-22T19:40:45+00:00","og_image":[{"width":800,"height":800,"url":"https:\/\/easywebmkt.com.ar\/cotone\/wp-content\/uploads\/2025\/07\/Rinonera-smartwatch.jpg","type":"image\/jpeg"}],"twitter_card":"summary_large_image","twitter_misc":{"Tiempo de lectura":"1 minuto"},"schema":{"@context":"https:\/\/schema.org","@graph":[{"@type":"WebPage","@id":"https:\/\/easywebmkt.com.ar\/cotone\/productos\/rinonera-smartwatch\/","url":"https:\/\/easywebmkt.com.ar\/cotone\/productos\/rinonera-smartwatch\/","name":"Ri\u00f1onera + smartwatch - Viacotone Argentina","isPartOf":{"@id":"https:\/\/easywebmkt.com.ar\/cotone\/#website"},"primaryImageOfPage":{"@id":"https:\/\/easywebmkt.com.ar\/cotone\/productos\/rinonera-smartwatch\/#primaryimage"},"image":{"@id":"https:\/\/easywebmkt.com.ar\/cotone\/productos\/rinonera-smartwatch\/#primaryimage"},"thumbnailUrl":"https:\/\/easywebmkt.com.ar\/cotone\/wp-content\/uploads\/2025\/07\/Rinonera-smartwatch.jpg","datePublished":"2025-07-14T18:23:35+00:00","dateModified":"2026-01-22T19:40:45+00:00","breadcrumb":{"@id":"https:\/\/easywebmkt.com.ar\/cotone\/productos\/rinonera-smartwatch\/#breadcrumb"},"inLanguage":"es-AR","potentialAction":[{"@type":"ReadAction","target":["https:\/\/easywebmkt.com.ar\/cotone\/productos\/rinonera-smartwatch\/"]}]},{"@type":"ImageObject","inLanguage":"es-AR","@id":"https:\/\/easywebmkt.com.ar\/cotone\/productos\/rinonera-smartwatch\/#primaryimage","url":"https:\/\/easywebmkt.com.ar\/cotone\/wp-content\/uploads\/2025\/07\/Rinonera-smartwatch.jpg","contentUrl":"https:\/\/easywebmkt.com.ar\/cotone\/wp-content\/uploads\/2025\/07\/Rinonera-smartwatch.jpg","width":800,"height":800},{"@type":"BreadcrumbList","@id":"https:\/\/easywebmkt.com.ar\/cotone\/productos\/rinonera-smartwatch\/#breadcrumb","itemListElement":[{"@type":"ListItem","position":1,"name":"Inicio","item":"https:\/\/easywebmkt.com.ar\/cotone\/"},{"@type":"ListItem","position":2,"name":"Productos","item":"https:\/\/easywebmkt.com.ar\/cotone\/productos\/"},{"@type":"ListItem","position":3,"name":"Ri\u00f1onera + smartwatch"}]},{"@type":"WebSite","@id":"https:\/\/easywebmkt.com.ar\/cotone\/#website","url":"https:\/\/easywebmkt.com.ar\/cotone\/","name":"Viacotone Argentina","description":"Merchandising Partners","potentialAction":[{"@type":"SearchAction","target":{"@type":"EntryPoint","urlTemplate":"https:\/\/easywebmkt.com.ar\/cotone\/?s={search_term_string}"},"query-input":{"@type":"PropertyValueSpecification","valueRequired":true,"valueName":"search_term_string"}}],"inLanguage":"es-AR"}]}},"_links":{"self":[{"href":"https:\/\/easywebmkt.com.ar\/cotone\/wp-json\/wp\/v2\/product\/30685","targetHints":{"allow":["GET"]}}],"collection":[{"href":"https:\/\/easywebmkt.com.ar\/cotone\/wp-json\/wp\/v2\/product"}],"about":[{"href":"https:\/\/easywebmkt.com.ar\/cotone\/wp-json\/wp\/v2\/types\/product"}],"replies":[{"embeddable":true,"href":"https:\/\/easywebmkt.com.ar\/cotone\/wp-json\/wp\/v2\/comments?post=30685"}],"wp:featuredmedia":[{"embeddable":true,"href":"https:\/\/easywebmkt.com.ar\/cotone\/wp-json\/wp\/v2\/media\/30688"}],"wp:attachment":[{"href":"https:\/\/easywebmkt.com.ar\/cotone\/wp-json\/wp\/v2\/media?parent=30685"}],"wp:term":[{"taxonomy":"product_brand","embeddable":true,"href":"https:\/\/easywebmkt.com.ar\/cotone\/wp-json\/wp\/v2\/product_brand?post=30685"},{"taxonomy":"product_cat","embeddable":true,"href":"https:\/\/easywebmkt.com.ar\/cotone\/wp-json\/wp\/v2\/product_cat?post=30685"},{"taxonomy":"product_tag","embeddable":true,"href":"https:\/\/easywebmkt.com.ar\/cotone\/wp-json\/wp\/v2\/product_tag?post=30685"}],"curies":[{"name":"wp","href":"https:\/\/api.w.org\/{rel}","templated":true}]}}